 of 18?
True
Is 7505 a multiple of 95?
True
Is 938 a multiple of 27?
False
Does 22 divide 88?
True
Does 14 divide 23268?
True
Is 16 a factor of 853?
False
Is 11 a factor of 2717?
True
Does 9 divide 6282?
True
Does 4 divide 359?
False
Does 13 divide 13234?
True
Does 13 divide 6509?
False
Is 53 a factor of 2703?
True
Is 7019 a multiple of 59?
False
Is 3526 a multiple of 14?
False
Does 18 divide 3887?
False
Does 18 divide 1242?
True
Is 840 a multiple of 35?
True
Is 50 a factor of 250?
True
Is 10 a factor of 905?
False
Is 903 a multiple of 7?
True
Does 24 divide 8484?
False
Is 21 a factor of 483?
True
Does 232 divide 56608?
True
Does 54 divide 159030?
True
Is 13 a factor of 4156?
False
Is 2 a factor of 46?
True
Is 6972 a multiple of 15?
False
Is 38 a factor of 1295?
False
Is 31 a multiple of 4?
False
Does 14 divide 6340?
False
Is 38 a factor of 2313?
False
Is 15 a factor of 4410?
True
Is 7 a factor of 4569?
False
Does 7 divide 11158?
True
Is 184 a multiple of 13?
False
Does 36 divide 10229?
False
Is 4449 a multiple of 11?
False
Does 12 divide 22236?
True
Is 1568 a multiple of 49?
True
Is 96 a factor of 52608?
True
Does 53 divide 11925?
True
Is 14 a factor of 1008?
True
Does 16 divide 202?
False
Is 11 a factor of 814?
True
Is 1873 a multiple of 3?
False
Is 2000 a multiple of 10?
True
Does 26 divide 150?
False
Is 933 a multiple of 6?
False
Is 45 a multiple of 2?
False
Is 16 a factor of 2912?
True
Is 15 a factor of 3674?
False
Is 154 a factor of 7107?
False
Is 168 a factor of 11407?
False
Is 2181 a multiple of 28?
False
Does 5 divide 11622?
False
Is 92 a multiple of 23?
True
Is 6 a factor of 66?
True
Is 3199 a multiple of 96?
False
Does 27 divide 1998?
True
Is 20 a factor of 19020?
True
Does 15 divide 35355?
True
Does 11 divide 360?
False
Is 13769 a multiple of 79?
False
Is 7386 a multiple of 10?
False
Is 37008 a multiple of 100?
False
Does 19 divide 25555?
True
Is 224 a multiple of 9?
False
Is 73 a factor of 1231?
False
Does 27 divide 59775?
False
Does 135 divide 9315?
True
Is 17 a factor of 799?
True
Does 181 divide 56713?
False
Does 30 divide 123196?
False
Does 8 divide 255?
False
Does 3 divide 819?
True
Is 16 a factor of 6797?
False
Does 70 divide 30940?
True
Does 40 divide 9882?
False
Does 113 divide 2034?
True
Does 6 divide 444?
True
Does 75 divide 525?
True
Is 2998 a multiple of 2?
True
Does 17 divide 244?
False
Is 23 a factor of 1265?
True
Does 60 divide 900?
True
Is 26 a factor of 1421?
False
Does 15 divide 15275?
False
Is 100 a multiple of 7?
False
Does 93 divide 5952?
True
Does 26 divide 236?
False
Does 10 divide 5970?
True
Does 11 divide 151946?
False
Does 24 divide 168?
True
Is 11214 a multiple of 16?
False
Is 509 a multiple of 8?
False
Is 20130 a multiple of 10?
True
Is 1467 a multiple of 33?
False
Is 17 a factor of 15700?
False
Does 106 divide 12445?
False
Is 301 a factor of 42343?
False
Is 16584 a multiple of 35?
False
Is 4935 a multiple of 47?
True
Does 49 divide 4582?
False
Is 405 a multiple of 27?
True
Does 2 divide 13?
False
Is 16 a factor of 1264?
True
Does 6 divide 420?
True
Is 14432 a multiple of 41?
True
Is 20 a factor of 1876?
False
Does 37 divide 2587?
False
Is 75 a factor of 26523?
False
Is 4189 a multiple of 62?
False
Is 8 a factor of 18?
False
Is 86 a factor of 3066?
False
Does 4 divide 916?
True
Is 2963 a multiple of 10?
False
Is 3770 a multiple of 19?
False
Is 6030 a multiple of 6?
True
Is 10934 a multiple of 120?
False
Does 139 divide 59648?
False
Is 1932 a multiple of 14?
True
Is 17 a factor of 291?
False
Is 10 a factor of 5727?
False
Is 318 a multiple of 159?
True
Is 2504 a multiple of 5?
False
Does 80 divide 3013?
False
Is 4039 a multiple of 64?
False
Is 7667 a multiple of 17?
True
Does 70 divide 1050?
True
Is 168 a multiple of 6?
True
Is 8295 a multiple of 79?
True
Is 88 a factor of 5054?
False
Is 368 a multiple of 29?
False
Is 2826 a multiple of 42?
False
Does 6 divide 288?
True
Does 150 divide 8700?
True
Does 3 divide 59?
False
Is 28 a factor of 2016?
True
Is 14 a factor of 282?
False
Is 16673 a multiple of 3?
False
Is 2609 a multiple of 4?
False
Is 39 a factor of 2163?
False
Is 5 a factor of 965?
True
Does 35 divide 525?
True
Does 62 divide 2790?
True
Is 19 a factor of 3002?
True
Does 10 divide 110?
True
Is 9 a factor of 891?
True
Does 45 divide 720?
True
Is 73 a factor of 3504?
True
Does 17 divide 4522?
True
Does 59 divide 44486?
True
Is 24 a factor of 216?
True
Is 128 a factor of 5376?
True
Is 10 a factor of 550?
True
Does 14 divide 17122?
True
Does 5 divide 19870?
True
Does 9 divide 19416?
False
Does 272 divide 147220?
False
Is 10 a factor of 1380?
True
Is 79 a multiple of 17?
False
Does 38 divide 582?
False
Is 8 a factor of 45?
False
Is 11 a factor of 11616?
True
Is 25 a factor of 13624?
False
Does 7 divide 990?
False
Does 10 divide 46670?
True
Does 38 divide 1019?
False
Is 9 a factor of 1431?
True
Does 21 divide 36351?
True
Is 10 a factor of 3803?
False
Is 6882 a multiple of 37?
True
Does 21 divide 4385?
False
Does 73 divide 1250?
False
Is 385 a multiple of 46?
False
Is 5 a factor of 564?
False
Does 3 divide 153?
True
Does 151 divide 8620?
False
Is 29 a multiple of 29?
True
Is 2814 a multiple of 14?
True
Is 1278 a multiple of 9?
True
Does 4 divide 696?
True
Does 11 divide 124916?
True
Does 54 divide 30726?
True
Is 5 a factor of 60?
True
Does 2 divide 11?
False
Does 91 divide 24388?
True
Is 9516 a multiple of 12?
True
Does 29 divide 1363?
True
Is 4257 a multiple of 18?
False
Is 3 even?
False
Is 27 a factor of 1541?
False
Is 3007 a multiple of 23?
False
Is 10629 a multiple of 9?
True
Does 13 divide 208?
True
Does 29 divide 796?
False
Is 6100 a multiple of 72?
False
Is 87 a factor of 2568?
False
Does 22 divide 2735?
False
Is 12 a factor of 1361?
False
Does 39 divide 8268?
True
Does 5 divide 670?
True
Is 5 a factor of 28375?
True
Does 23 divide 552?
True
Is 8 a factor of 627?
False
Does 10 divide 7810?
True
Does 38 divide 114?
True
Is 36 a factor of 836?
False
Does 60 divide 10860?
True
Is 53 a factor of 29574?
True
Is 4858 a multiple of 14?
True
Does 50 divide 3400?
True
Does 30 divide 471?
False
Does 57 divide 3534?
True
Does 34 divide 35020?
True
Is 8 a factor of 880?
True
Is 240 a factor of 6416?
False
Is 268 a multiple of 67?
True
Is 624 a multiple of 78?
True
Is 2892 a multiple of 24?
False
Does 35 divide 13160?
True
Is 496 a multiple of 4?
True
Is 3 a factor of 168?
True
Is 2439 a multiple of 3?
True
Is 111583 a multiple of 92?
False
Is 611 a multiple of 13?
True
Does 4 divide 1572?
True
Does 40 divide 2320?
True
Is 48 a factor of 701?
False
Is 899 a multiple of 25?
False
Is 12737 a multiple of 47?
True
Is 149861 a multiple of 142?
False
Is 36 a factor of 990?
False
Does 139 divide 3595?
False
Is 35 a factor of 16975?
True
Is 7 a factor of 243?
False
Is 3174 a multiple of 69?
True
Is 10815 a multiple of 21?
True
Is 5 a factor of 4645?
True
Is 15883 a multiple of 13?
False
Is 103 a factor of 20531?
False
Is 3049 a multiple of 4?
False
Does 108 divide 5832?
True
Does 14 divide 179?
False
Does 17 divide 21991?
False
Is 1596 a multiple of 19?
True
Is 25514 a multiple of 13?
False
Does 12 divide 6108?
True
Is 55 a factor of 10450?
True
Does 23 divide 322?
True
Is 24 a factor of 36912?
True
Is 79055 a multiple of 163?
True
Is 17 a factor of 3893?
True
Is 5937 a multiple of 3?
True
Is 55024 a multiple of 38?
True
Is 28260 a multiple of 20?
True
Is 3 a factor of 8?
False
Does 82 divide 446?
False
Is 11 a factor of 163?
False
Does 45 divide 2430?
True
Is 31667 a multiple of 124?
False
Is 145233 a multiple of 17?
False
Is 10 a factor of 652?
False
Is 3040 a multiple of 10?
True
Is 78 a factor of 4543?
False
Is 4 a factor of 487?
False
Is 154 a factor of 5522?
False
Is 18 a factor of 76460?
False
Does 6 divide 342?
True
Is 540 a multiple of 30?
True
Is 628 a multiple of 25?
False
Does 21 divide 2940?
True
Is 330 a multiple of 10?
True
Is 48 a factor of 3696?
True
Is 579 a multiple of 16?
False
Does 163 divide 56191?
False
Does 49 divide 4998?
True
Is 48 a multiple of 4?
True
Is 88 a factor of 13385?
False
Does 31 divide 12710?
True
Is 65 a factor of 1425?
False
Is 175 a multiple of 7?
True
Does 15 divide 990?
True
Does 43 divide 9344?
False
Is 1149 a multiple of 27?
False
Is 3000 a multiple of 60?
True
Does 84